{"id":157,"date":"2016-10-06T07:40:08","date_gmt":"2016-10-06T07:40:08","guid":{"rendered":"http:\/\/max-peissker.de\/?page_id=157"},"modified":"2016-10-06T07:40:08","modified_gmt":"2016-10-06T07:40:08","slug":"engpassmanagement","status":"publish","type":"page","link":"https:\/\/max-peissker.de\/?page_id=157","title":{"rendered":"Engpassmanagement"},"content":{"rendered":"<p><span style=\"font-family: 'Bookman Old Style'; font-size: small;\">\u00a7 15 Abs. 4 StromNZV<\/span><\/p>\n<p><span style=\"font-family: 'Bookman Old Style'; font-size: small;\">Betreiber von Elektrizit\u00e4tsverteilernetzen sind verpflichtet, Engp\u00e4sse in ihrem Netz unverz\u00fcglich auf ihrer Internetseite zu ver\u00f6ffentlichen.<\/span><\/p>\n<p><span style=\"font-family: 'Bookman Old Style'; font-size: small;\">Zurzeit liegen keine Engp\u00e4sse im Elektrizit\u00e4tsverteilnetz des E-Werk Max Peissker vor.<\/span><\/p>\n","protected":false},"excerpt":{"rendered":"<p>\u00a7 15 Abs. 4 StromNZV Betreiber von Elektrizit\u00e4tsverteilernetzen sind verpflichtet, Engp\u00e4sse in ihrem Netz unverz\u00fcglich auf ihrer Internetseite zu ver\u00f6ffentlichen. Zurzeit liegen keine Engp\u00e4sse im Elektrizit\u00e4tsverteilnetz des E-Werk Max Peissker <span class=\"readmore\"><a href=\"https:\/\/max-peissker.de\/?page_id=157\">Weiterlesen &#8230;<\/a><\/span><\/p>\n","protected":false},"author":1,"featured_media":0,"parent":0,"menu_order":0,"comment_status":"closed","ping_status":"closed","template":"","meta":[],"_links":{"self":[{"href":"https:\/\/max-peissker.de\/index.php?rest_route=\/wp\/v2\/pages\/157"}],"collection":[{"href":"https:\/\/max-peissker.de\/index.php?rest_route=\/wp\/v2\/pages"}],"about":[{"href":"https:\/\/max-peissker.de\/index.php?rest_route=\/wp\/v2\/types\/page"}],"author":[{"embeddable":true,"href":"https:\/\/max-peissker.de\/index.php?rest_route=\/wp\/v2\/users\/1"}],"replies":[{"embeddable":true,"href":"https:\/\/max-peissker.de\/index.php?rest_route=%2Fwp%2Fv2%2Fcomments&post=157"}],"version-history":[{"count":1,"href":"https:\/\/max-peissker.de\/index.php?rest_route=\/wp\/v2\/pages\/157\/revisions"}],"predecessor-version":[{"id":158,"href":"https:\/\/max-peissker.de\/index.php?rest_route=\/wp\/v2\/pages\/157\/revisions\/158"}],"wp:attachment":[{"href":"https:\/\/max-peissker.de\/index.php?rest_route=%2Fwp%2Fv2%2Fmedia&parent=157"}],"curies":[{"name":"wp","href":"https:\/\/api.w.org\/{rel}","templated":true}]}}