{"id":103,"date":"2016-10-05T15:02:36","date_gmt":"2016-10-05T15:02:36","guid":{"rendered":"http:\/\/max-peissker.de\/?page_id=103"},"modified":"2025-10-20T11:10:27","modified_gmt":"2025-10-20T11:10:27","slug":"netzzugang-entgelte","status":"publish","type":"page","link":"https:\/\/max-peissker.de\/?page_id=103","title":{"rendered":"Netzzugang \/ Netzentgelte"},"content":{"rendered":"<p><strong>Netzentgelte<\/strong><\/p>\n<p>Die Kalkulation der Netzentgelte erfolgt nach den Vorgaben des Energiewirtschaftsgesetzes (EnWG) sowie der Stromnetzentgeltverordnung (StromNEV). Die f\u00fcr das E-Werk Max Pei\u00dfker von der Bundesnetzagentur festgelegte Erl\u00f6sobergrenze ist gem\u00e4\u00df \u00a7 17 Abs. 1 Anreizregulierungsverordnung (ARegV) in Entgelte f\u00fcr den Zugang zum Elektrizit\u00e4tsverteilernetz des E-Werk Max Pei\u00dfker umgesetzt worden. Die auf diese Weise gebildeten Entgelte werden ab dem 01.01.2009 angewandt und j\u00e4hrlich entsprechend den Vorgaben der ARegV angepasst.<\/p>\n<ul>\n<li><a href=\"https:\/\/max-peissker.de\/wp-content\/uploads\/2025\/10\/NNE-ab-01.01.2026_vorlaeufig.pdf\" target=\"_blank\" rel=\"noopener\">Netzentgelte g\u00fcltig ab 01.01.2026 (vorl\u00e4ufig)<\/a><\/li>\n<li><a href=\"https:\/\/max-peissker.de\/wp-content\/uploads\/2025\/10\/NNE-ab-01.01.2025.pdf\">Netzentgelte g\u00fcltig ab 01.01.2025<\/a><\/li>\n<\/ul>\n<p>Historische Netzentgelte:<\/p>\n<ul>\n<li><a href=\"https:\/\/max-peissker.de\/wp-content\/uploads\/2023\/12\/NNE-ab-01.01.2024.pdf\" target=\"_blank\" rel=\"noopener\">Netzentgelte g\u00fcltig ab 01.01.2024<\/a><\/li>\n<li><a href=\"https:\/\/max-peissker.de\/wp-content\/uploads\/2023\/12\/NNE-ab-01.01.2023e.pdf\" target=\"_blank\" rel=\"noopener\">Netzentgelte g\u00fcltig ab 01.01.2023<\/a><\/li>\n<\/ul>\n<p><strong>Netzzugang<\/strong><\/p>\n<p><span style=\"font-family: 'Bookman Old Style'; font-size: small;\">&#8211;<a href=\"http:\/\/max-peissker.de\/?page_id=121\"> \u00a7 20 Abs. 1 Satz 1 EnWG<\/a><br \/>\nBedingungen f\u00fcr den Netzzugang, Mustervertr\u00e4ge<\/span><\/p>\n<p><span style=\"font-family: 'Bookman Old Style'; font-size: small;\">&#8211; <a href=\"http:\/\/max-peissker.de\/?page_id=157\">\u00a7 15 Abs. 4 StromNZV<\/a><br \/>\nBei Netzengp\u00e4ssen die zur Verf\u00fcgung stehende Gesamtkapazit\u00e4t, \u00dcbertragungsrichtung in die der Engpass auftritt und die prognostizierte Dauer.<\/span><\/p>\n","protected":false},"excerpt":{"rendered":"<p>Netzentgelte Die Kalkulation der Netzentgelte erfolgt nach den Vorgaben des Energiewirtschaftsgesetzes (EnWG) sowie der Stromnetzentgeltverordnung (StromNEV). Die f\u00fcr das E-Werk Max Pei\u00dfker von der Bundesnetzagentur festgelegte Erl\u00f6sobergrenze ist gem\u00e4\u00df \u00a7 <span class=\"readmore\"><a href=\"https:\/\/max-peissker.de\/?page_id=103\">Weiterlesen &#8230;<\/a><\/span><\/p>\n","protected":false},"author":1,"featured_media":0,"parent":32,"menu_order":0,"comment_status":"closed","ping_status":"closed","template":"","meta":[],"_links":{"self":[{"href":"https:\/\/max-peissker.de\/index.php?rest_route=\/wp\/v2\/pages\/103"}],"collection":[{"href":"https:\/\/max-peissker.de\/index.php?rest_route=\/wp\/v2\/pages"}],"about":[{"href":"https:\/\/max-peissker.de\/index.php?rest_route=\/wp\/v2\/types\/page"}],"author":[{"embeddable":true,"href":"https:\/\/max-peissker.de\/index.php?rest_route=\/wp\/v2\/users\/1"}],"replies":[{"embeddable":true,"href":"https:\/\/max-peissker.de\/index.php?rest_route=%2Fwp%2Fv2%2Fcomments&post=103"}],"version-history":[{"count":32,"href":"https:\/\/max-peissker.de\/index.php?rest_route=\/wp\/v2\/pages\/103\/revisions"}],"predecessor-version":[{"id":314,"href":"https:\/\/max-peissker.de\/index.php?rest_route=\/wp\/v2\/pages\/103\/revisions\/314"}],"up":[{"embeddable":true,"href":"https:\/\/max-peissker.de\/index.php?rest_route=\/wp\/v2\/pages\/32"}],"wp:attachment":[{"href":"https:\/\/max-peissker.de\/index.php?rest_route=%2Fwp%2Fv2%2Fmedia&parent=103"}],"curies":[{"name":"wp","href":"https:\/\/api.w.org\/{rel}","templated":true}]}}